
0 (base 15) to base 6
0
1 (base 8) to base 13
1
Convert 214 (base 6) to base 3.
10001
Convert 6 (base 15) to base 11.
6
Convert 22 (base 9) to base 8.
24
What is -4 (base 9) in base 11?
-4
Convert 141 (base 7) to base 9.
86
Convert 2 (base 11) to base 2.
10
Convert -4 (base 7) to base 16.
-4
Convert 23 (base 10) to base 12.
1b
Convert 4 (base 8) to base 15.
4
Convert -20 (base 6) to base 2.
-1100
Convert 2 (base 3) to base 10.
2
What is 3 (base 6) in base 8?
3
-313 (base 5) to base 11
-76
What is 521 (base 7) in base 10?
260
-100 (base 9) to base 10
-81
What is -43 (base 8) in base 5?
-120
Convert 3 (base 11) to base 12.
3
Convert 1 (base 11) to base 9.
1
What is 8 (base 15) in base 10?
8
124 (base 9) to base 5
403
What is -6 (base 15) in base 7?
-6
What is -11 (base 5) in base 12?
-6
3 (base 15) to base 8
3
Convert -4 (base 8) to base 7.
-4
What is -2020 (base 4) in base 16?
-88
What is -46 (base 12) in base 11?
-4a
Convert -103 (base 8) to base 9.
-74
Convert 21 (base 12) to base 11.
23
-1 (base 9) to base 8
-1
What is -121 (base 7) in base 8?
-100
What is -20 (base 15) in base 16?
-1e
What is 10 (base 13) in base 9?
14
Convert -102 (base 12) to base 16.
-92
-1 (base 15) to base 6
-1
Convert 52 (base 7) to base 9.
41
What is -16 (base 8) in base 9?
-15
a1 (base 12) to base 16
79
-1 (base 3) to base 14
-1
What is -1022 (base 3) in base 11?
-32
5 (base 7) to base 14
5
Convert 8 (base 12) to base 7.
11
-285 (base 10) to base 4
-10131
Convert 213 (base 8) to base 14.
9d
What is 100 (base 2) in base 9?
4
Convert 3 (base 5) to base 11.
3
Convert 8 (base 12) to base 2.
1000
What is 122 (base 4) in base 3?
222
Convert 5 (base 10) to base 12.
5
What is -2 (base 10) in base 16?
-2
What is -110 (base 7) in base 14?
-40
Convert -2e (base 16) to base 6.
-114
Convert 2 (base 11) to base 3.
2
10 (base 3) to base 11
3
-3 (base 10) to base 7
-3
-b2 (base 13) to base 15
-9a
What is -4 (base 7) in base 12?
-4
Convert 202 (base 8) to base 15.
8a
What is 3 (base 9) in base 14?
3
Convert -4 (base 6) to base 11.
-4
Convert -1 (base 16) to base 11.
-1
-7 (base 11) to base 5
-12
Convert 4 (base 5) to base 16.
4
Convert -12 (base 11) to base 10.
-13
3 (base 5) to base 9
3
1 (base 3) to base 10
1
Convert -335 (base 7) to base 14.
-c5
What is -1 (base 12) in base 2?
-1
Convert -64 (base 12) to base 14.
-56
Convert -2 (base 8) to base 9.
-2
Convert -25 (base 11) to base 2.
-11011
What is 0 (base 15) in base 11?
0
Convert 4 (base 5) to base 8.
4
What is -6 (base 9) in base 2?
-110
Convert -23 (base 8) to base 16.
-13
What is 0 (base 4) in base 9?
0
-3 (base 12) to base 15
-3
What is -12 (base 4) in base 10?
-6
Convert -c (base 15) to base 5.
-22
What is 4 (base 9) in base 13?
4
-1a (base 15) to base 7
-34
Convert 10 (base 8) to base 11.
8
What is -56 (base 13) in base 5?
-241
What is 12 (base 14) in base 16?
10
Convert -4 (base 14) to base 16.
-4
1111 (base 2) to base 10
15
What is -1311 (base 4) in base 9?
-140
What is -55 (base 15) in base 12?
-68
1 (base 4) to base 14
1
What is 56 (base 7) in base 10?
41
What is -15 (base 12) in base 9?
-18
3 (base 15) to base 14
3
4 (base 5) to base 13
4
What is -1 (base 4) in base 12?
-1
What is -8 (base 9) in base 6?
-12
Convert -2 (base 10) to base 9.
-2
Convert -16 (base 8) to base 9.
-15
What is 1 (base 5) in base 13?
1
Convert -315 (base 7) to base 14.
-b5
Convert 6 (base 11) to base 16.
6
51 (base 16) to base 14
5b
Convert 60 (base 7) to base 4.
222
-12111 (base 4) to base 13
-252
1e (base 16) to base 11
28
535 (base 6) to base 4
3023
1 (base 8) to base 12
1
1110101 (base 2) to base 4
1311
What is 1 (base 8) in base 16?
1
-80 (base 11) to base 4
-1120
Convert -11110 (base 2) to base 10.
-30
Convert 4 (base 8) to base 2.
100
Convert 128 (base 9) to base 4.
1223
Convert -152 (base 6) to base 4.
-1010
2 (base 8) to base 16
2
5 (base 10) to base 13
5
What is -4 (base 13) in base 14?
-4
Convert -57 (base 9) to base 7.
-103
What is -11110 (base 2) in base 14?
-22
Convert 1211 (base 4) to base 2.
1100101
42 (base 6) to base 3
222
Convert 64 (base 8) to base 11.
48
70 (base 9) to base 10
63
Convert 11 (base 2) to base 10.
3
What is 21 (base 12) in base 4?
121
Convert 24 (base 14) to base 10.
32
What is 3 (base 8) in base 5?
3
-4 (base 14) to base 15
-4
What is 1 (base 5) in base 4?
1
-25 (base 13) to base 9
-34
What is -5b (base 13) in base 15?
-51
What is -22 (base 11) in base 15?
-19
Convert 23 (base 8) to base 14.
15
What is 112 (base 10) in base 14?
80
0 (base 10) to base 15
0
-2324 (base 5) to base 6
-1323
Convert d1 (base 14) to base 10.
183
Convert -1 (base 6) to base 10.
-1
Convert -12 (base 3) to base 10.
-5
bc (base 15) to base 12
129
What is 23 (base 12) in base 3?
1000
Convert 22 (base 4) to base 10.
10
6 (base 14) to base 16
6
-2 (base 11) to base 5
-2
Convert 3 (base 14) to base 3.
10
What is -46 (base 10) in base 12?
-3a
-2 (base 9) to base 12
-2
Convert 1 (base 12) to base 7.
1
1 (base 12) to base 7
1
What is -46 (base 9) in base 15?
-2c
What is 5 (base 7) in base 5?
10
Convert 10 (base 4) to base 7.
4
2 (base 6) to base 10
2
Convert -121 (base 9) to base 10.
-100
-2320 (base 4) to base 6
-504
What is 15 (base 7) in base 6?
20
Convert 1002 (base 3) to base 13.
23
Convert 132 (base 5) to base 11.
39
What is 1 (base 9) in base 12?
1
5 (base 7) to base 11
5
What is 59 (base 12) in base 9?
76
-5 (base 6) to base 12
-5
8a (base 14) to base 10
122
-b5 (base 14) to base 13
-c3
Convert 124 (base 9) to base 12.
87
What is -11 (base 8) in base 10?
-9
-4 (base 9) to base 8
-4
-200 (base 3) to base 5
-33
Convert -10 (base 3) to base 5.
-3
Convert 111 (base 3) to base 2.
1101
What is 5a (base 16) in base 4?
1122
Convert 0 (base 15) to base 13.
0
1303 (base 5) to base 2
11001011
Convert 10 (base 2) to base 15.
2
Convert -1000 (base 5) to base 6.
-325
-5 (base 9) to base 6
-5
-86 (base 10) to base 5
-321
2 (base 8) to base 9
2
Convert 2 (base 11) to base 2.
10
Convert 4 (base 9) to base 16.
4
-1 (base 7) to base 14
-1
Convert 42 (base 12) to base 10.
50
Convert 11 (base 11) to base 3.
110
-23 (base 14) to base 8
-37
What is 6 (base 7) in base 14?
6
What is -212 (base 10) in base 2?
-11010100
Convert 1 (base 16) to base 12.
1
Convert -22 (base 13) to base 12.
-24
-2 (base 5) to base 7
-2
Convert 2 (base 5) to base 11.
2
What is 1 (base 8) in base 15?
1
232 (base 6) to base 4
1130
Convert -3 (base 15) to base 13.
-3
-1 (base 6) to base 4
-1
Convert 18 (base 13) to base 10.
21
-1 (base 11) to base 9
-1
Convert 2 (base 11) to base 12.
2
-9 (base 15) to base 4
-21
What is -39 (base 14) in base 9?
-56
-2a (base 12) to base 7
-46
What is 3 (base 5) in base 12?
3
-10 (base 4) to base 6
-4
What is 4 (base 5) in base 2?
100
What is 13 (base 6) in base 5?
14
3 (base 4) to base 5
3
What is 66 (base 14) in base 8?
132
Convert -176 (base 10) to base 13.
-107
-7a (base 14) to base 5
-413
-200 (base 3) to base 9
-20
What is -4 (base 8) in base 11?
-4
What is -97 (base 10) in base 6?
-241
-72 (base 10) to base 5
-242
0 (base 6) to base 11
0
What is 23 (base 9) in base 11?
1a
What is 0 (base 2) in base 6?
0
What is -14 (base 13) in base 10?
-17
Convert -11 (base 6) to base 10.
-7
Convert -16 (base 13) to base 9.
-21
What is -9 (base 15) in base 11?
-9
Convert -33 (base 10) to base 9.
-36
Convert -29 (base 14) to base 3.
-1101
Convert 11 (base 5) to base 2.
110
What is 4 (base 8) in base 13?
4
-16 (base 8) to base 9
-15
What is -9 (base 10) in base 11?
-9
251 (base 7) to base 15
8e
8 (base 10) to base 11
8
Convert -63 (base 8) to base 11.
-47
What is -60 (base 15) in base 3?
-10100
1021 (base 5) to base 12
b4
What is 332 (base 9) in base 15?
132
What is -13 (base 9) in base 5?
-22
What is 30 (base 5) in base 16?
f
What is -1014 (base 6) in base 13?
-145
3 (base 16) to base 5
3
What is 64 (base 12) in base 7?
136
Convert a (base 16) to base 13.
a
Convert 2 (base 9) to base 10.
2
-3 (base 16) to base 7
-3
Convert 320 (base 7) to base 8.
241
What is 2 (base 12) in base 15?
2
Convert 3 (base 4) to base 3.
10
What is -120 (base 16) in base 4?
-10200
Convert 15 (base 16) to base 7.
30
What is 21 (base 12) in base 3?
221
-10011001 (base 2) to base 5
-1103
Convert -1 (base 10) to base 8.
-1
Convert -1011 (base 4) to base 7.
-126
58 (base 14) to base 5
30